 thousands digit of 355713703?
7
What is the hundred thousands digit of 653662323?
6
What is the tens digit of 80635207?
0
What is the hundred millions digit of 4045185104?
0
What is the billions digit of 1184101206?
1
What is the tens digit of 2943999722?
2
What is the thousands digit of 473103963?
3
What is the ten thousands digit of 2130259641?
5
What is the ten millions digit of 3246613236?
4
What is the millions digit of 3116005372?
6
What is the ten millions digit of 132311080?
3
What is the ten millions digit of 124306399?
2
What is the millions digit of 16953882?
6
What is the thousands digit of 335864407?
4
What is the units digit of 5384567076?
6
What is the ten millions digit of 64348790?
6
What is the ten millions digit of 227957218?
2
What is the ten millions digit of 353601509?
5
What is the ten millions digit of 716603270?
1
What is the ten thousands digit of 101015610?
1
What is the hundred millions digit of 1003804825?
0
What is the thousands digit of 1316297889?
7
What is the thousands digit of 556471343?
1
What is the thousands digit of 31002721?
2
What is the hundred thousands digit of 3728914?
7
What is the hundreds digit of 2676601471?
4
What is the hundreds digit of 27817248?
2
What is the units digit of 1562717474?
4
What is the thousands digit of 6194779975?
9
What is the hundred millions digit of 6330082449?
3
What is the units digit of 18082181?
1
What is the ten millions digit of 118473891?
1
What is the ten thousands digit of 74256584?
5
What is the tens digit of 38868412?
1
What is the hundred thousands digit of 3558832905?
8
What is the units digit of 200903118?
8
What is the units digit of 1501873699?
9
What is the ten millions digit of 71408905?
7
What is the ten thousands digit of 210620249?
2
What is the thousands digit of 386257822?
7
What is the thousands digit of 106089932?
9
What is the hundred thousands digit of 51319736?
3
What is the units digit of 3798143475?
5
What is the hundred millions digit of 117747452?
1
What is the millions digit of 257308773?
7
What is the millions digit of 353652027?
3
What is the hundreds digit of 125911201?
2
What is the tens digit of 2692668279?
7
What is the units digit of 604148251?
1
What is the ten thousands digit of 244093439?
9
What is the millions digit of 32141599?
2
What is the hundreds digit of 5278749384?
3
What is the hundreds digit of 745013038?
0
What is the ten millions digit of 491977811?
9
What is the units digit of 261104120?
0
What is the hundred millions digit of 1878869509?
8
What is the hundred thousands digit of 60829041?
8
What is the thousands digit of 203172517?
2
What is the units digit of 1712767?
7
What is the tens digit of 13383765?
6
What is the tens digit of 15060488?
8
What is the hundreds digit of 176603991?
9
What is the ten millions digit of 49559746?
4
What is the ten thousands digit of 454334235?
3
What is the hundred thousands digit of 60204025?
2
What is the ten thousands digit of 3216945384?
4
What is the thousands digit of 1859315069?
5
What is the units digit of 72916377?
7
What is the millions digit of 26673869?
6
What is the ten thousands digit of 32976891?
7
What is the units digit of 3953107665?
5
What is the units digit of 381051992?
2
What is the units digit of 75749902?
2
What is the hundred millions digit of 100793823?
1
What is the tens digit of 107516?
1
What is the millions digit of 84103205?
4
What is the hundred millions digit of 205161194?
2
What is the ten millions digit of 219623760?
1
What is the hundred thousands digit of 222354125?
3
What is the millions digit of 25802538?
5
What is the thousands digit of 9744425?
4
What is the hundred millions digit of 918703802?
9
What is the tens digit of 162013412?
1
What is the thousands digit of 11343543?
3
What is the ten thousands digit of 3691561673?
6
What is the ten millions digit of 27851499?
2
What is the ten thousands digit of 393856576?
5
What is the units digit of 14624009?
9
What is the ten millions digit of 117850822?
1
What is the ten millions digit of 78826333?
7
What is the ten millions digit of 10148333?
1
What is the thousands digit of 1271183467?
3
What is the hundred thousands digit of 59840361?
8
What is the hundred thousands digit of 63827164?
8
What is the hundred thousands digit of 474503101?
5
What is the hundred thousands digit of 35985586?
9
What is the millions digit of 40801613?
0
What is the millions digit of 85809475?
5
What is the ten millions digit of 89912891?
8
What is the units digit of 59369496?
6
What is the millions digit of 725549685?
5
What is the hundreds digit of 7912348896?
8
What is the hundred millions digit of 131166453?
1
What is the tens digit of 34907023?
2
What is the hundred thousands digit of 197020285?
0
What is the hundred millions digit of 600995163?
6
What is the thousands digit of 128522393?
2
What is the units digit of 482914118?
8
What is the ten thousands digit of 1103166488?
6
What is the units digit of 299161106?
6
What is the hundred thousands digit of 265489313?
4
What is the ten thousands digit of 1501820207?
2
What is the hundreds digit of 128523096?
0
What is the millions digit of 50854712?
0
What is the thousands digit of 266386954?
6
What is the hundred thousands digit of 3458947754?
9
What is the hundred millions digit of 104404603?
1
What is the thousands digit of 59068625?
8
What is the thousands digit of 235981809?
1
What is the tens digit of 8495745?
4
What is the millions digit of 69252190?
9
What is the millions digit of 35006942?
5
What is the ten millions digit of 170580048?
7
What is the ten millions digit of 394808865?
9
What is the thousands digit of 84917932?
7
What is the billions digit of 6203876015?
6
What is the ten thousands digit of 3230502596?
0
What is the thousands digit of 6552551251?
1
What is the ten thousands digit of 245283621?
8
What is the hundreds digit of 3260720456?
4
What is the billions digit of 1928393110?
1
What is the hundred thousands digit of 1832405213?
4
What is the hundred thousands digit of 1009221443?
2
What is the hundreds digit of 150238019?
0
What is the ten thousands digit of 487307200?
0
What is the hundred millions digit of 1158205421?
1
What is the hundreds digit of 1209171517?
5
What is the units digit of 1963272260?
0
What is the millions digit of 148910231?
8
What is the hundred thousands digit of 185101288?
1
What is the hundred thousands digit of 2175089447?
0
What is the hundred thousands digit of 171042950?
0
What is the units digit of 520712623?
3
What is the hundred thousands digit of 1143856917?
8
What is the hundreds digit of 27614060?
0
What is the ten millions digit of 30761636?
3
What is the ten thousands digit of 2296287225?
8
What is the millions digit of 215395970?
5
What is the ten thousands digit of 5856591806?
9
What is the thousands digit of 23060623?
0
What is the ten thousands digit of 2217196172?
9
What is the ten millions digit of 60040378?
6
What is the hundred millions digit of 4230666026?
2
What is the millions digit of 165708535?
5
What is the hundreds digit of 7218213?
2
What is the units digit of 1010931282?
2
What is the thousands digit of 36086172?
6
What is the millions digit of 12028381?
2
What is the millions digit of 1717411710?
7
What is the units digit of 3030601808?
8
What is the thousands digit of 3425792?
5
What is the tens digit of 46148458?
5
What is the millions digit of 47506021?
7
What is the tens digit of 841169812?
1
What is the hundred thousands digit of 334044808?
0
What is the hundred millions digit of 3190066812?
1
What is the ten millions digit of 842158467?
4
What is the thousands digit of 421303404?
3
What is the ten thousands digit of 828604605?
0
What is the tens digit of 522900?
0
What is the units digit of 85569839?
9
What is the millions digit of 212369197?
2
What is the millions digit of 109790113?
9
What is the billions digit of 5200285732?
5
What is the ten millions digit of 77480483?
7
What is the millions digit of 2543148950?
3
What is the ten thousands digit of 20027586?
2
What is the units digit of 46144338?
8
What is the hundreds digit of 1009387176?
1
What is the ten thousands digit of 227199456?
9
What is the tens digit of 376156316?
1
What is the hundred thousands digit of 65135